).
-16
Let t(r) = -8*r + 27. Give t(4).
-5
Let z(x) = x**2 + 2*x. Calculate z(-4).
8
Let i(p) = p**3 + 5*p**2 + 5*p - 3. Give i(-4).
-7
Let o(y) = -2*y**2 - 36*y - 4. Give o(-17).
30
Let w(z) = -17*z**2 - 4*z + 1. Determine w(-2).
-59
Let c(z) = -13*z + 156. Determine c(12).
0
Let y(z) = -23*z. Give y(-2).
46
Let u(y) = -8*y + 289. Give u(37).
-7
Let j(u) = -15*u + 7. Give j(-3).
52
Let m(r) = -r**3 + 8*r**2 + 9*r + 7. Determine m(9).
7
Let r(x) = -x**3 + 8*x**2 - 14*x. Determine r(7).
-49
Let z(k) = -k**3 + 2*k**2 + 14*k - 3. Determine z(-3).
0
Let d(o) = -2*o**3 - 8*o**2 - 11*o - 6. Calculate d(-4).
38
Let m(o) = o**2 - 74*o - 395. Determine m(-5).
0
Let j(g) = g**3 + 2*g**2 + 3*g + 5. Determine j(-4).
-39
Let v(q) = -47*q + 245. What is v(5)?
10
Let j(l) = l**3 + 9*l**2 + 6*l + 2. Determine j(-8).
18
Let f(n) = 3*n - 41. Determine f(0).
-41
Let b(d) = -d**3 + 19*d**2 - d + 25. Give b(0).
25
Let p(b) = 3*b**2 - 3*b + 4. Calculate p(2).
10
Let j(s) = s**2 - 20*s + 42. Determine j(18).
6
Let o(a) = -4*a + 19. Determine o(9).
-17
Let x(n) = -3*n**2 - 4*n - 2. What is x(-2)?
-6
Let h(q) = -q**2 + 10*q + 17. Give h(8).
33
Let b(g) = -g**3 + 10*g**2 + 4*g - 42. Give b(10).
-2
Let r(t) = -5*t + 21. What is r(4)?
1
Let h(r) = -23*r + 516. What is h(23)?
-13
Let p(y) = -y - 10. Determine p(-3).
-7
Let b(c) = -2*c + 75. What is b(44)?
-13
Let f(a) = a**3 - 9*a**2 - 29*a + 71. Give f(11).
-6
Let h(i) = 10*i**2 - 11*i - 1. What is h(1)?
-2
Let o(h) = 23*h**2 - 14*h - 24. Calculate o(-2).
96
Let z(q) = 8*q + 109. Calculate z(-19).
-43
Let x(h) = 2*h**3 + 9*h**2 + h + 20. Calculate x(-5).
-10
Let a(q) = -q. Determine a(16).
-16
Let y(h) = 14*h. What is y(-1)?
-14
Let b(z) = z**2 - 15*z - 125. What is b(21)?
1
Let o(n) = -3*n + 48. Calculate o(13).
9
Let u(x) = x**3 - 2*x**2 + 8*x + 5. Give u(-3).
-64
Let f(c) = -c - 6. Determine f(-4).
-2
Let i(v) = -v**3 + 4*v**2 + 17*v - 20. What is i(6)?
10
Let t(r) = 10*r - 40. What is t(3)?
-10
Let x(p) = 4*p + 39. What is x(-12)?
-9
Let k(a) = -3*a**2 + 2*a + 9. Calculate k(-3).
-24
Let l(b) = -4*b + 41. Give l(11).
-3
Let p(m) = -m**2 - m + 1. What is p(-3)?
-5
Let z(i) = i**3 - i**2 - 8*i. Give z(3).
-6
Let g(c) = -11*c + 37. Calculate g(8).
-51
Let j(k) = k**3 + 3*k**2 - 5*k - 6. Calculate j(-4).
-2
Let g(v) = 7*v**2 - 2*v + 3. Give g(2).
27
Let d(p) = -2*p**3 + 4*p**2 - 5*p + 2. Determine d(2).
-8
Let q(s) = -s**3 - s - 54. Determine q(0).
-54
Let n(i) = -2*i**3 - 19*i**2 - 12*i - 26. Give n(-9).
1
Let k(l) = -12*l. Calculate k(2).
-24
Let d(w) = -10*w**2 + 112*w - 12. Determine d(11).
10
Let c(i) = -50*i + 805. Give c(16).
5
Let y(c) = -5*c + 30. Determine y(7).
-5
Let b(w) = 3*w + 7. Calculate b(-3).
-2
Let c(z) = -z**3 - 9*z**2 + z + 7. Determine c(-9).
-2
Let t(z) = -8*z**2 - 2*z - 1. Give t(-1).
-7
Let p(m) = -m**2 - 12*m + 6. Give p(-12).
6
Let j(d) = d**2 - d - 15. Determine j(0).
-15
Let h(o) = 19*o + 306. What is h(-16)?
2
Let m(o) = -38*o - 462. What is m(-12)?
-6
Let d(q) = -q**2 + 9*q + 10. Give d(9).
10
Let r(j) = j**3 + 5*j**2 - 14*j - 35. Calculate r(-6).
13
Let v(j) = -j**2 - 5*j + 12. Determine v(-7).
-2
Let d(j) = -7*j**3 - 2*j**2 - j - 2. What is d(2)?
-68
Let w(u) = u**2 - 16*u - 16. Calculate w(17).
1
Let s(n) = -n**3 - 21*n**2 + 21*n - 47. What is s(-22)?
-25
Let s(h) = -14*h + 112. Calculate s(8).
0
Let c(r) = -9*r + 3. What is c(-4)?
39
Let h(s) = -3*s**2 + 3*s - 1. What is h(4)?
-37
Let v(h) = -h**2 - h. Give v(3).
-12
Let x(t) = 25*t + 555. Give x(-22).
5
Let t(x) = -2*x**2 + 25*x - 33. What is t(11)?
0
Let z(f) = -4*f**2 + 8*f - 6. Give z(5).
-66
Let q(s) = 2*s - 43. What is q(18)?
-7
Let f(n) = 2*n**2 + 42*n - 66. What is f(-23)?
26
Let o(u) = u**3 + 6*u**2 - 3. Calculate o(-6).
-3
Let v(m) = 5*m**2 - 33*m + 38. Give v(6).
20
Let a(b) = -b**2 + 9*b + 6. Calculate a(8).
14
Let y(z) = -3*z - 10. Calculate y(-12).
26
Let l(w) = 46*w - 278. Calculate l(6).
-2
Let f(k) = -3*k - 54. Give f(-27).
27
Let q(m) = -2*m + 3. Give q(-11).
25
Let m(t) = -t**3 + 15*t**2 - 4*t + 70. Give m(15).
10
Let f(g) = 6*g**2 + 6*g - 2. What is f(4)?
118
Let a(p) = p**3 + 4*p**2 + 3*p - 5. Calculate a(-5).
-45
Let o(c) = c + 1. Determine o(-6).
-5
Let m(u) = 3*u + 48. Calculate m(-14).
6
Let f(g) = -4*g + 10. What is f(4)?
-6
Let q(s) = -2*s**2 - 8*s - 9. Give q(-4).
-9
Let p(m) = m**3 + 7*m**2 - 17*m + 4. Give p(-9).
-5
Let l(y) = 4*y + 57. What is l(-13)?
5
Let v(m) = 25*m - 97. What is v(4)?
3
Let f(d) = 65*d**2 - 12*d - 11. What is f(-1)?
66
Let c(x) = -5*x - 15. What is c(-3)?
0
Let a(p) = p**3 - 2*p**2 - 2*p + 1. Give a(-2).
-11
Let l(t) = t**2 + 16*t + 37. Determine l(-16).
37
Let c(p) = 4*p. What is c(-2)?
-8
Let q(k) = 4*k + 9. Calculate q(8).
41
Let x(r) = r**2 + r + 3. What is x(-3)?
9
Let n(t) = -2*t + 27. Determine n(13).
1
Let c(l) = l**2 - 17*l + 62. Determine c(7).
-8
Let w(r) = 3*r**2 - 89*r - 182. Determine w(-2).
8
Let p(m) = m**3 - 7*m**2 + 8*m - 4. Determine p(5).
-14
Let v(l) = 60*l + 354. Determine v(-6).
-6
Let h(n) = -n**3 + 3*n**2 + 7*n - 8. What is h(7)?
-155
Let m(x) = -6*x**3 + x + 1. What is m(-1)?
6
Let o(w) = -5*w**3 + 5*w**2 + 6*w + 2. Give o(-2).
50
Let m(t) = t**3 - 2*t**2 - 4*t + 6. Calculate m(4).
22
Let x(d) = 8*d + 4. Determine x(-1).
-4
Let g(q) = -5*q**3 - q**2 - q + 1. What is g(-1)?
6
Let m(y) = -3*y + 23. Determine m(5).
8
Let u(b) = -7*b + 245. Calculate u(37).
-14
Let l(u) = 2*u + 4. Give l(-5).
-6
Let k(j) = j**2 + 13*j + 23. Give k(-13).
23
Let o(m) = 2*m - 2. What is o(-2)?
-6
Let n(r) = r**2 + 5*r - 4. What is n(-6)?
2
Let v(n) = -26*n + 6. Determine v(1).
-20
Let s(q) = q**2 - q - 8. Determine s(6).
22
Let z(o) = 4*o - 78. Determine z(16).
-14
Let s(h) = 2*h**2 + 29*h - 39. Calculate s(-14).
-53
Let l(r) = -r**3 + 9*r**2 - 14*r + 8. Give l(8).
-40
Let g(k) = 35*k - 1. Calculate g(1).
34
Let f(d) = d**3 - 15*d**2 + 39*d - 23. What is f(12)?
13
Let z(m) = -m**3 - 5*m**2 + m + 8. Calculate z(-5).
3
Let n(q) = 2*q + 3. Give n(10).
23
Let y(z) = z**2 + 12. Calculate y(0).
12
Let o(x) = -19*x**2 - 1. Calculate o(1).
-20
Let r(a) = -16*a**2 - 4*a - 3. Determine r(-1).
-15
Let r(p) = -p. Give r(3).
-3
Let j(s) = 3*s + 26. What is j(-18)?
-28
Let a(f) = -f - 13. What is a(-7)?
-6
Let l(j) = 3*j**2 - 7*j + 6. What is l(3)?
12
Let a(q) = -q + 16. Give a(9).
7
Let k(v) = -18*v - 24. Give k(-10).
156
Let o(w) = -w**3 - 5*w**2 + w + 5. What is o(-5)?
0
Let f(n) = 9*n + 123. Determine f(-13).
6
Let t(p) = -p**2 - 3*p + 10. Calculate t(-5).
0
Let z(p) = p**2 + 12*p + 33. Give z(-7).
-2
Let o(s) = s**3 + 9*s**2 + 11*s + 10. Calculate o(-8).
-14
Let x(y) = 83*y - 497. What is x(6)?
1
Let x(i) = -8*i + 133. Determine x(16).
5
Let c(a) = 7*a**2 - 4*a + 3. What is c(1)?
6
Let z(s) = -2*s - 8. Determine z(-9).
10
Let f(k) = -3*k**2 + 30*k - 9. Determine f(12).
-81
Let w(j) = 13*j - 78. Give w(7).
13
Let z(t) = t**3 + 14*t**2 - 15*t + 22. Determine z(-15).
22
Let g(r) = 5*r**3 + r**2 - 3*r - 3. Calculate g(-2).
-33
Let y(c) = -c**3 + 7*c**2 + 3*c - 3. Determine y(8).
-43
Let y(d) = d**3 + 5*d**2 - 4*d - 3. Calculate y(-6).
-15
Let c(v) = -v**3 + 4*v**2 + 6*v - 16. Determine c(5).
-11
Let o(r) = -3*r**3 - 10*r**2 + 2*r + 7. What is o(-5)?
122
Let d(m) = m**2 - 15*m - 82. What is d(19)?
-6
Let l(o) = 40*o + 3. Give l(-1).
-37
Let m(i) = -35*i + 145. Calculate m(5).
-30
Let h(w) = 2*w**2 - 38*w - 66. Determine h(20).
-26
Let q(j) = -j**3 - 10*j**2 - 4*j + 46. Determine q(-9).
1
Let g(b) = -b + 7. What is g(-6)?
13
Let n(q) = 13*q - 35. What is n(9)?
82
Let f(g) = 6*g + 125. Determine f(-20).
5
Let t(q) = -4*q**3 + 43*q**2 + 12*q - 7. Give t(11).
4
Let j(b) = -3*b**2 + 3*b - 2. Give j(1).
-2
Let o(w) = -4*w - 33. Determine o(-10).
7
Let d(s) = s**3 + 33*s**2 - 71*s - 37. What is d(-35)?
-2
Let z(c) = -2*c**2 - 8*c - 3. What is z(-10)?
-123
Let j(i) = -i**2 - 14*i + 31. Determine j(-17).
-20
Let f(r) = -17*r + 277. Determine f(18).
-29
Let c(q) = -q**3 + 6*q**2 - 7*q + 2. Calculate c(5).
-8
Let f(s) = -3*s + 3. Calculate f(-4).
15
Let g(q) = -40*q**3 - q**2. Determine g(1).
-41
Let x(c) = -c**3 + 4*c**2 + 4*c + 6. Give x(6).
-42
Let b(u) = -u**3 - 10*u**2 - 11*u - 30. Give b(-9).
-12
Let v(y) = 2*y + 25. Give v(-5).
15
Let w(n) = n**3 - 2*n**2 + 3*n - 3. What is w(2)?
3
Let z(o) = 3*